{"id":133,"date":"2023-12-26T12:28:40","date_gmt":"2023-12-26T17:28:40","guid":{"rendered":"https:\/\/gravdurance.com\/?page_id=133"},"modified":"2023-12-26T14:34:02","modified_gmt":"2023-12-26T19:34:02","slug":"merci","status":"publish","type":"page","link":"https:\/\/gravdurance.com\/index.php\/merci\/","title":{"rendered":"Merci !"},"content":{"rendered":"\n<p>Votre enregistrement est un succ\u00e8s, veuillez regarder dans vos emails pour activer cette demande d&rsquo;abonnement.<br>Veillez \u00e0 consulter vos SPAMs car il se peut que l&#8217;email soit arriv\u00e9 directement dans cette section.<\/p>\n\n\n\n<p>A bient\u00f4t <\/p>\n","protected":false},"excerpt":{"rendered":"<p>Votre enregistrement est un succ\u00e8s, veuillez regarder dans vos emails pour activer cette demande d&rsquo;abonnement.Veillez \u00e0 consulter vos SPAMs car il se peut que l&#8217;email soit arriv\u00e9 directement dans cette section. A bient\u00f4t<\/p>\n","protected":false},"author":1,"featured_media":0,"parent":0,"menu_order":0,"comment_status":"closed","ping_status":"closed","template":"","meta":{"footnotes":""},"class_list":["post-133","page","type-page","status-publish","hentry"],"_links":{"self":[{"href":"https:\/\/gravdurance.com\/index.php\/wp-json\/wp\/v2\/pages\/133","targetHints":{"allow":["GET"]}}],"collection":[{"href":"https:\/\/gravdurance.com\/index.php\/wp-json\/wp\/v2\/pages"}],"about":[{"href":"https:\/\/gravdurance.com\/index.php\/wp-json\/wp\/v2\/types\/page"}],"author":[{"embeddable":true,"href":"https:\/\/gravdurance.com\/index.php\/wp-json\/wp\/v2\/users\/1"}],"replies":[{"embeddable":true,"href":"https:\/\/gravdurance.com\/index.php\/wp-json\/wp\/v2\/comments?post=133"}],"version-history":[{"count":2,"href":"https:\/\/gravdurance.com\/index.php\/wp-json\/wp\/v2\/pages\/133\/revisions"}],"predecessor-version":[{"id":136,"href":"https:\/\/gravdurance.com\/index.php\/wp-json\/wp\/v2\/pages\/133\/revisions\/136"}],"wp:attachment":[{"href":"https:\/\/gravdurance.com\/index.php\/wp-json\/wp\/v2\/media?parent=133"}],"curies":[{"name":"wp","href":"https:\/\/api.w.org\/{rel}","templated":true}]}}